se 11) to base 15.
-7
Convert -5 (base 16) to base 6.
-5
Convert -43 (base 12) to base 11.
-47
What is 0 (base 4) in base 3?
0
Convert 25 (base 7) to base 2.
10011
Convert -11 (base 9) to base 13.
-a
Convert 139 (base 11) to base 12.
117
What is -2 (base 12) in base 3?
-2
Convert 11a (base 11) to base 10.
142
What is 3 (base 7) in base 14?
3
Convert -202 (base 4) to base 10.
-34
-8 (base 12) to base 13
-8
What is ba (base 16) in base 6?
510
What is 1 (base 9) in base 3?
1
-2 (base 6) to base 9
-2
What is 24 (base 13) in base 9?
33
What is -1 (base 13) in base 6?
-1
Convert 2 (base 14) to base 12.
2
What is 14 (base 11) in base 5?
30
101 (base 4) to base 14
13
-200 (base 3) to base 2
-10010
Convert 1a (base 14) to base 7.
33
What is 3 (base 9) in base 7?
3
What is -232 (base 4) in base 11?
-42
What is 11 (base 9) in base 16?
a
Convert -34 (base 8) to base 15.
-1d
-b (base 14) to base 8
-13
Convert -9 (base 10) to base 5.
-14
Convert 312 (base 4) to base 9.
60
What is 1332 (base 4) in base 8?
176
7 (base 11) to base 10
7
Convert 8 (base 15) to base 2.
1000
What is -1 (base 12) in base 8?
-1
Convert -2 (base 11) to base 14.
-2
7 (base 9) to base 13
7
Convert -12 (base 14) to base 8.
-20
What is -54 (base 6) in base 8?
-42
-3 (base 4) to base 15
-3
1011100 (base 2) to base 7
161
Convert 38 (base 11) to base 4.
221
433 (base 7) to base 12
164
What is -2 (base 16) in base 10?
-2
Convert 8 (base 13) to base 5.
13
66 (base 16) to base 5
402
Convert 11 (base 3) to base 12.
4
Convert -7 (base 8) to base 12.
-7
What is 10010 (base 2) in base 3?
200
Convert 1 (base 9) to base 6.
1
3 (base 5) to base 16
3
What is 10 (base 4) in base 6?
4
Convert 5 (base 14) to base 16.
5
Convert -112 (base 14) to base 13.
-134
What is -9 (base 11) in base 16?
-9
-2a (base 12) to base 3
-1021
Convert -8 (base 15) to base 11.
-8
-42 (base 11) to base 6
-114
Convert 1011 (base 2) to base 7.
14
-2 (base 7) to base 12
-2
What is -74 (base 13) in base 10?
-95
-18 (base 16) to base 12
-20
What is -4 (base 11) in base 7?
-4
What is 122 (base 3) in base 12?
15
Convert -22 (base 4) to base 16.
-a
Convert -2 (base 5) to base 3.
-2
3 (base 6) to base 7
3
Convert -1 (base 8) to base 12.
-1
Convert 210 (base 5) to base 10.
55
Convert -115 (base 7) to base 9.
-67
Convert 304 (base 7) to base 12.
107
Convert 10 (base 4) to base 16.
4
22 (base 12) to base 7
35
Convert 21 (base 10) to base 16.
15
11 (base 7) to base 5
13
-4 (base 13) to base 12
-4
-46 (base 7) to base 4
-202
Convert 1 (base 15) to base 2.
1
What is 5a (base 11) in base 15?
45
-3 (base 13) to base 5
-3
Convert 212 (base 3) to base 2.
10111
Convert -2 (base 5) to base 9.
-2
-11221 (base 3) to base 2
-10000101
Convert -20 (base 6) to base 4.
-30
Convert 101 (base 6) to base 14.
29
What is 64 (base 14) in base 2?
1011000
Convert 3 (base 12) to base 13.
3
0 (base 9) to base 13
0
Convert -1110 (base 5) to base 3.
-12202
Convert 3 (base 9) to base 8.
3
What is -1 (base 15) in base 10?
-1
69 (base 11) to base 14
55
Convert -220 (base 8) to base 13.
-b1
What is -30 (base 9) in base 5?
-102
7 (base 15) to base 14
7
4 (base 14) to base 11
4
What is 4 (base 15) in base 11?
4
What is -3 (base 7) in base 15?
-3
What is 226 (base 7) in base 13?
91
Convert 104 (base 5) to base 4.
131
Convert -36 (base 7) to base 16.
-1b
What is -6 (base 10) in base 7?
-6
3 (base 11) to base 15
3
11 (base 15) to base 2
10000
What is -26 (base 11) in base 2?
-11100
Convert -1110001 (base 2) to base 11.
-a3
3 (base 4) to base 2
11
What is -32 (base 12) in base 14?
-2a
What is 424 (base 6) in base 13?
c4
Convert 1110111 (base 2) to base 14.
87
What is -14 (base 9) in base 6?
-21
Convert -2d (base 15) to base 6.
-111
Convert 11 (base 9) to base 14.
a
What is 0 (base 12) in base 14?
0
-313 (base 5) to base 7
-146
1 (base 14) to base 3
1
What is -3 (base 6) in base 14?
-3
Convert 220 (base 3) to base 6.
40
5 (base 9) to base 16
5
What is 5 (base 7) in base 10?
5
What is 11a (base 13) in base 3?
21010
21 (base 3) to base 2
111
Convert 0 (base 15) to base 4.
0
-117 (base 12) to base 5
-1123
11123 (base 4) to base 8
533
Convert -334 (base 9) to base 14.
-158
Convert 3 (base 7) to base 15.
3
What is 20 (base 13) in base 14?
1c
Convert 3 (base 12) to base 14.
3
Convert 4 (base 15) to base 3.
11
-1001101 (base 2) to base 6
-205
What is -8 (base 14) in base 7?
-11
-34 (base 13) to base 11
-3a
Convert -3 (base 10) to base 7.
-3
What is 8 (base 15) in base 7?
11
10210 (base 3) to base 12
86
Convert a (base 13) to base 8.
12
What is 20 (base 13) in base 16?
1a
Convert -2 (base 14) to base 13.
-2
Convert -566 (base 8) to base 9.
-455
Convert 324 (base 5) to base 2.
1011001
Convert 105 (base 10) to base 2.
1101001
Convert 1210 (base 3) to base 12.
40
Convert -8 (base 10) to base 3.
-22
What is 2 (base 13) in base 16?
2
Convert -43 (base 15) to base 6.
-143
-8 (base 10) to base 5
-13
-4 (base 11) to base 3
-11
What is -40 (base 15) in base 12?
-50
What is 32 (base 13) in base 3?
1112
22 (base 8) to base 9
20
Convert 23 (base 10) to base 12.
1b
-21 (base 16) to base 2
-100001
1212 (base 6) to base 16
128
What is -6 (base 13) in base 8?
-6
What is 11101 (base 2) in base 5?
104
-41 (base 11) to base 14
-33
What is 13 (base 8) in base 2?
1011
What is 111001 (base 2) in base 8?
71
-100001 (base 2) to base 11
-30
What is 77 (base 13) in base 11?
8a
Convert -4 (base 6) to base 2.
-100
Convert 10011 (base 2) to base 9.
21
-21 (base 6) to base 10
-13
What is 3 (base 7) in base 2?
11
3 (base 10) to base 9
3
3 (base 4) to base 6
3
What is 7 (base 16) in base 15?
7
What is -4 (base 9) in base 13?
-4
0 (base 3) to base 7
0
-2 (base 14) to base 5
-2
Convert -3 (base 4) to base 5.
-3
What is 9 (base 15) in base 7?
12
What is -2 (base 4) in base 7?
-2
Convert 23 (base 6) to base 15.
10
36 (base 7) to base 4
123
Convert -20 (base 7) to base 2.
-1110
3a (base 12) to base 3
1201
2 (base 14) to base 3
2
What is 1 (base 9) in base 11?
1
Convert -5 (base 12) to base 10.
-5
0 (base 6) to base 3
0
Convert 3 (base 10) to base 9.
3
11 (base 10) to base 3
102
What is -a (base 11) in base 12?
-a
What is -6f (base 16) in base 11?
-a1
2 (base 4) to base 11
2
Convert 50 (base 6) to base 11.
28
What is 101111110 (base 2) in base 7?
1054
-8 (base 16) to base 12
-8
What is 7 (base 16) in base 13?
7
What is -11 (base 14) in base 12?
-13
166 (base 8) to base 3
11101
-91 (base 11) to base 12
-84
47 (base 10) to base 16
2f
f (base 16) to base 3
120
What is -1123 (base 5) in base 10?
-163
2222 (base 3) to base 8
120
-2 (base 13) to base 9
-2
What is -72 (base 12) in base 4?
-1112
What is -102 (base 4) in base 10?
-18
Convert 3 (base 7) to base 5.
3
What is c (base 13) in base 4?
30
What is -12 (base 10) in base 5?
-22
What is -21 (base 9) in base 14?
-15
What is 5 (base 7) in base 15?
5
What is 13 (base 4) in base 12?
7
Convert 3 (base 12) to base 6.
3
Convert 35 (base 9) to base 7.
44
What is 134 (base 10) in base 9?
158
Convert -a (base 13) to base 8.
-12
What is 1 (base 15) in base 9?
1
Convert 4 (base 14) to base 15.
4
What is -214 (base 11) in base 6?
-1105
-10 (base 7) to base 10
-7
ce (base 15) to base 12
142
Convert -5 (base 11) to base 5.
-10
Convert 10 (base 4) to base 15.
4
Convert -2 (base 7) to base 6.
-2
Convert 21 (base 14) to base 16.
1d
Convert -2 (base 4) to base 8.
-2
Convert 3 (base 11) to base 4.
3
Convert 4 (base 13) to base 11.
4
Convert 11100 (base 2) to base 11.
26
Convert 250 (base 11) to base 2.
100101001
What is -101 (base 2) in base 16?
-5
Convert 21a (base 11) to base 6.
1115
What is -42 (base 6) in base 7?
-35
Convert 301 (base 5) to base 7.
136
132 (base 4) to base 12
26
Convert -78 (base 9) to base 6.
-155
-71 (base 14) to base 6
-243
-10 (base 3) to base 2
-11
-10 (base 3) to base 12
-3
What is 47 (base 8) in base 14?
2b
What is 111 (base 4) in base 15?
16
Convert 0 (base 13) to base 15.
0
140 (base 6) to base 15
40
-64 (base 10) to base 4
-1000
7 (base 8) to base 11
7
c (base 15) to base 10
12
-24 (base 14) to base 10
-32
Convert -d0 (base 16) to base 4.
-3100
What is 11100111 (base 2) in base 8?
347
What is -3 (base 12) in base 9?
-3
-44 (base 6) to base 15
-1d
Convert -1 (base 7) to base 4.
-1
Convert -2 (base 8) to base 6.
-2
-23 (base 4) to base 13
-b
Convert 27 (base 8)